hat is p(7)?
-11
Let i(z) = -z**2 - 13*z + 48. Determine i(-14).
34
Let h(o) = 13*o - 122. Give h(-9).
-239
Let r(p) = -14*p + 63. Give r(5).
-7
Let c(h) = 35*h - 63. What is c(3)?
42
Let p(n) = n**3 - 15*n**2 + 17*n - 62. Calculate p(13).
-179
Let v(f) = 6*f**2 - 32*f - 17. Calculate v(6).
7
Let k(o) = o**2 - 123*o - 1188. Give k(-9).
0
Let y(k) = -1288*k - 8922. Determine y(-7).
94
Let m(s) = -s**2 - 69*s - 633. Determine m(-58).
5
Let k(t) = t**3 + 9*t**2 + 69*t + 303. Calculate k(-6).
-3
Let t(i) = -57*i - 3780. Calculate t(-67).
39
Let p(w) = -247*w - 748. Determine p(-3).
-7
Let w(d) = -21*d + 269. What is w(12)?
17
Let p(m) = -3*m**2 + 33*m + 158. Give p(14).
32
Let x(z) = -17*z**3 + 3*z - 2. What is x(2)?
-132
Let f(d) = 2*d**2 - 310*d + 1789. Give f(149).
1
Let h(q) = -24699*q + 148209. Calculate h(6).
15
Let l(y) = 412*y + 57681. What is l(-140)?
1
Let o(b) = -17*b**2 + 390*b + 15. Determine o(23).
-8
Let u(w) = -2*w**3 + 21*w**2 + 40*w - 48. Give u(12).
0
Let v(y) = 378*y - 7158. Determine v(20).
402
Let v(q) = -3*q**2 + 44*q + 239. Calculate v(-4).
15
Let u(r) = -r**3 - 108*r**2 - 147*r - 4287. Give u(-107).
-7
Let w(i) = 3*i**2 + 6*i - 354. Give w(-19).
615
Let k(p) = -1163*p + 46518. Calculate k(40).
-2
Let i(u) = -2*u**2 - 22*u + 87. Calculate i(-20).
-273
Let y(a) = 187*a - 3362. Calculate y(18).
4
Let o(p) = -137*p**2 + 1234*p - 3. What is o(9)?
6
Let b(p) = -p**2 - 11*p + 216. What is b(-19)?
64
Let t(v) = 577*v - 77900. Give t(135).
-5
Let g(b) = 49*b + 130. Give g(9).
571
Let q(o) = o**3 + 11*o**2 + 4*o + 21. What is q(-6)?
177
Let c(a) = -a**2 + 20*a. Give c(22).
-44
Let w(g) = 2*g**2 - 32*g - 35. Calculate w(20).
125
Let g(i) = i**2 - 18*i - 3. Give g(21).
60
Let t(c) = -8*c**2 - 31*c - 12. What is t(-6)?
-114
Let i(n) = 3*n - 92. What is i(24)?
-20
Let o(h) = 60*h + 592. Determine o(-21).
-668
Let p(i) = -i**2 - 16*i - 56. Give p(-4).
-8
Let l(v) = v**3 + 50*v**2 - 152*v + 303. Give l(-53).
-68
Let f(y) = 4*y - 484. Give f(-3).
-496
Let m(c) = 3161*c - 31606. Determine m(10).
4
Let v(m) = -m**2 + m + 14. Give v(5).
-6
Let t(c) = c**3 + 11*c**2 - 31*c - 64. Determine t(-13).
1
Let m(f) = -f**3 - 53*f**2 + 106*f + 111. Calculate m(-55).
331
Let k(b) = 112*b - 1. Calculate k(1).
111
Let t(d) = -d**3 + 6*d**2 - 5*d + 4. What is t(5)?
4
Let h(f) = 63*f - 121. Give h(1).
-58
Let q(t) = -3*t**3 - 318*t**2 - 17*t - 1803. What is q(-106)?
-1
Let f(k) = -17*k**2 + 371*k + 64. What is f(22)?
-2
Let d(h) = -h**3 - 15*h**2 - 33*h - 58. What is d(-13)?
33
Let f(z) = -2*z**3 - 50*z**2 - 170*z - 9. What is f(-21)?
33
Let a(v) = -v**2 + 4*v - 97. Calculate a(0).
-97
Let a(u) = u**3 - 28*u**2 + 27*u + 26. Calculate a(27).
26
Let z(r) = 128*r + 1123. What is z(-9)?
-29
Let u(r) = -8*r**3 + 248*r**2 - 2*r + 63. Calculate u(31).
1
Let t(r) = 38*r + 375. What is t(-9)?
33
Let s(x) = -4*x**2 + 68*x - 254. Calculate s(11).
10
Let f(o) = -o**3 - 13*o**2 - 31*o - 83. Calculate f(-11).
16
Let p(u) = 13*u**2 - 4*u + 98. What is p(5)?
403
Let d(v) = 2*v**2 - v - 34. Determine d(4).
-6
Let m(o) = -6*o**3 + 6*o**2 + 3. What is m(1)?
3
Let i(f) = f**3 + 44*f**2 - 246*f + 3. Determine i(5).
-2
Let d(h) = 137*h**2 - 246*h - 8. What is d(2)?
48
Let x(d) = 49*d - 78. Calculate x(5).
167
Let o(f) = -f**3 - 39*f**2 + 25*f + 44. Give o(-39).
-931
Let a(s) = 2*s**3 + 9*s**2 + 10*s + 6. Give a(-6).
-162
Let j(p) = p**2 + 124*p + 3186. Determine j(-34).
126
Let a(i) = -5*i**3 - 16*i**2 + 60*i + 4. What is a(3)?
-95
Let z(j) = 57*j - 1702. Calculate z(26).
-220
Let q(n) = 29*n - 1677. What is q(56)?
-53
Let c(q) = -62*q + 232. Give c(4).
-16
Let g(w) = -95*w**2 + 7878*w + 591. Determine g(83).
10
Let p(m) = -6*m**2 + 17*m - 1. Calculate p(2).
9
Let j(m) = -9*m**3 + 21*m**2 - 4*m - 67. Calculate j(2).
-63
Let f(n) = -n**3 - 10*n**2 + 59*n + 88. What is f(5)?
8
Let o(v) = -355*v + 2082. Calculate o(6).
-48
Let c(a) = 1631*a - 39132. Determine c(24).
12
Let i(j) = 345*j + 1880. Determine i(-5).
155
Let t(o) = o**2 + 522*o + 6127. What is t(-12)?
7
Let n(q) = -q**3 + 30*q**2 + 11*q + 630. What is n(31)?
10
Let a(k) = -31*k - 210. Calculate a(-11).
131
Let k(n) = n**3 + 77*n**2 + 78*n - 77. Give k(-76).
-229
Let p(b) = -b**3 - 29*b**2 + 128*b - 115. Determine p(-33).
17
Let g(y) = -4*y**3 + 3*y**2 - 8*y - 51. What is g(-4)?
285
Let n(c) = 356*c - 5235. Calculate n(15).
105
Let p(h) = -h**2 + 9*h + 117. Give p(-10).
-73
Let q(y) = -y**2 + 146*y - 4505. What is q(45)?
40
Let k(p) = -2*p**2 - 137*p - 1095. Determine k(-9).
-24
Let q(w) = 2*w + 170. Calculate q(0).
170
Let g(v) = v**3 - 52*v**2 - 49*v + 32. Give g(53).
244
Let g(t) = 39*t - 1222. What is g(25)?
-247
Let f(b) = -256*b - 1841. Calculate f(-6).
-305
Let y(m) = -55*m - 204. What is y(-5)?
71
Let v(m) = -m**3 + 8*m**2 + 5*m - 6. What is v(-5)?
294
Let l(w) = 34*w**2 + 135*w - 11. What is l(-4)?
-7
Let f(l) = -l**3 + 3*l**2 - 41*l - 5. Calculate f(0).
-5
Let g(q) = q**3 + 69*q**2 - 8*q - 520. Give g(-69).
32
Let f(s) = 15*s + 468. Give f(-24).
108
Let w(v) = -v**3 - 106*v**2 + 1557*v + 25. Calculate w(13).
155
Let d(r) = r**2 + 38*r - 110. Calculate d(-30).
-350
Let n(s) = -660*s - 10566. Determine n(-16).
-6
Let b(u) = u**2 - 3*u - 3063. Determine b(-54).
15
Let f(y) = y**3 - 24*y**2 + 56*y + 300. Determine f(6).
-12
Let p(v) = -9*v - 85. Determine p(-47).
338
Let f(w) = -41*w - 4355. What is f(-106)?
-9
Let n(j) = j**2 - 4*j + 36. Determine n(6).
48
Let b(n) = -128*n + 264. Give b(2).
8
Let j(w) = -w**3 + 21*w**2 + 70*w + 13. Give j(24).
-35
Let h(k) = -k**3 - 58*k**2 - 586*k + 40. Calculate h(-13).
53
Let s(m) = 22*m - 1233. Calculate s(61).
109
Let t(w) = w**2 - 239*w + 13930. Calculate t(101).
-8
Let v(s) = -5*s**3 + 104*s**2 + 24*s + 42. Give v(21).
105
Let k(i) = -3*i**3 + 203*i**2 + 68*i + 202. Calculate k(68).
202
Let q(k) = 4*k**2 - 128*k - 110. Give q(33).
22
Let i(r) = 4*r**2 - 112*r + 112. Determine i(27).
4
Let h(n) = n**3 - 36*n**2 + 99*n + 53. Give h(33).
53
Let u(x) = -4*x**2 + 83*x + 175. Calculate u(-2).
-7
Let b(p) = -5*p - 158. Determine b(-24).
-38
Let g(h) = h**3 + 16*h**2 + 58*h - 43. Calculate g(-8).
5
Let d(h) = 6*h**2 - 22*h - 87. Calculate d(-6).
261
Let u(d) = -4*d + 155. What is u(21)?
71
Let k(m) = -2*m**2 + 96*m + 309. Give k(-3).
3
Let a(x) = -x**3 - 46*x**2 - 359*x + 87. Determine a(-36).
51
Let q(p) = -4*p**2 + 174*p - 66. Give q(43).
20
Let f(q) = -19*q**3 + 113*q**2 + 15*q - 36. What is f(6)?
18
Let k(i) = 14*i + 57. Determine k(-3).
15
Let y(d) = -411*d - 4127. Calculate y(-10).
-17
Let t(x) = -238*x - 39997. Calculate t(-168).
-13
Let z(m) = -m**2 - 58*m + 23. What is z(-59)?
-36
Let x(g) = 3*g**3 - 144*g**2 - 3*g + 138. What is x(48)?
-6
Let o(i) = -19*i - 235. Determine o(-7).
-102
Let p(h) = 2*h**3 - 9*h**2 - h - 7. Give p(5).
13
Let c(h) = -h**2 + 31*h + 34. Determine c(28).
118
Let q(t) = -2*t**3 + 23*t + 22. Give q(-4).
58
Let f(v) = 12*v**2 + 44*v + 8. Give f(-4).
24
Let h(o) = 3*o**2 + 253*o + 1394. Calculate h(-6).
-16
Let y(i) = 139*i - 399. Determine y(8).
713
Let d(x) = x**3 + 16*x - 139. Calculate d(4).
-11
Let q(f) = 3*f - 65. Give q(-7).
-86
Let f(u) = 6*u**2 + 16*u - 15. Calculate f(-5).
55
Let y(q) = -2*q**3 + 33*q**2 - 50*q - 8. Determine y(16).
-552
Let y(r) = 63*r - 76. What is y(7)?
365
Let l(i) = 15*i**2 + 992*i + 137. What is l(-66)?
5
Let g(q) = -q**3 + 790*q**2 + 2*q - 2. Determine g(0).
-2
Let w(t) = -6*t**2 - 50*t - 153. Give w(-11).
-329
Let r(b) = 2*b**3 - 32*b**2 + 30*b + 17. What is r(15)?
17
Let y(s) = -s**3 + 3*s**2 - 1144*s - 3443. What is y(-3)?
43
Let z(y) = -y**3 + y**2 - 2*y - 17. Give z(-3).
25
Let z(w) = -65*w + 1606. Give z(14).
696
Let l(u) = 411*u - 2025. Give l(5).
30
Let b(h) = 433*h + 2183. Determine b(-5).
18
Let q(s) = 8*s + 268. What is q(-40)?
-52
Let t(i) = -i**3 + i**2 - 3*i + 19. Determine t(-5).
184
Let w(j) = 2*j**2 + 187*j - 470. Give w(-96).
10
Let f(g) = 5*g**2 + 279*g - 84. Give f(-56).
-28
Let l(z) = 2*z**3 - 8*z**2 - 6*z + 1. Calculate l(6).
109
Let a(w) = -102*w + 528. What is a(5)?
18
Let k(r) = 4*r - 49. Determine k(19).
27
Let j(y) = -18*y + 624. What is j(36)?
-24
Let o(x) = -x**2 - 24*x + 49. Determine o(-22).
93
Let f(t) = t**3 - 20*t**2 + 40*t - 50. What is f(18)?
22
Let o(q) = -2*q**3 + 14*q**2 + 13